{"id":984,"date":"2024-03-03T12:25:19","date_gmt":"2024-03-03T11:25:19","guid":{"rendered":"https:\/\/unb.be\/?page_id=984"},"modified":"2024-03-03T12:25:19","modified_gmt":"2024-03-03T11:25:19","slug":"la-dimension-internationale","status":"publish","type":"page","link":"https:\/\/unb.be\/index.php\/a-propos\/la-dimension-internationale\/","title":{"rendered":"La dimension internationale"},"content":{"rendered":"\n<p>Le premier Congr\u00e8s international de naturopathie (ICNM) a eu lieu \u00e0 Paris en juillet 2013. Les congr\u00e8s suivants ont eu lieu quasiment tous les ans, se d\u00e9roulant parfois aussi \u00e0 Barcelone ou \u00e0 Londres. La 8<sup>e<\/sup> \u00e9dition aura lieu \u00e0 Barcelone du 5 au 7 juillet 2024 sur le th\u00e8me \u00ab&nbsp;Immunit\u00e9, inflammation et sant\u00e9 mentale&nbsp;\u00bb<a href=\"#_ftn1\" id=\"_ftnref1\">[1]<\/a>.<\/p>\n\n\n\n<p>C\u2019est \u00e0 l\u2019issue du congr\u00e8s de 2015 qu\u2019a \u00e9t\u00e9 fond\u00e9e la F\u00e9d\u00e9ration internationale de naturopathie, la WNF (<em>World Naturopathic Federation<\/em>)<a href=\"#_ftn2\" id=\"_ftnref2\">[2]<\/a>, dont l\u2019UNB a \u00e9t\u00e9 l\u2019un des membres fondateurs. L\u2019ISNAT, fond\u00e9e en 2012, fait aussi partie des membres fondateurs en tant qu\u2019\u00e9tablissement \u00e9ducatif.<\/p>\n\n\n\n<p>Une premi\u00e8re enqu\u00eate mondiale sur la naturopathie rassemblant des informations de 22 pays et repr\u00e9sentant toutes les r\u00e9gions du monde a mis en \u00e9vidence en 2016 une profonde coh\u00e9rence sur la mani\u00e8re dont la naturopathie est d\u00e9finie et pratiqu\u00e9e dans le monde entier, en m\u00eame temps qu\u2019une grande diversit\u00e9 au niveau des mod\u00e8les \u00e9ducatifs et du statut r\u00e9glementaire.<\/p>\n\n\n\n<p>Les d\u00e9l\u00e9gu\u00e9s de la WNF se sont engag\u00e9s \u00e0 trois nouvelles initiatives pour clarifier le paysage naturopathique dans le monde :<\/p>\n\n\n\n<ul>\n<li>une \u00e9tude approfondie de l&rsquo;histoire de la naturopathie&nbsp;;&nbsp;<\/li>\n\n\n\n<li>un projet professionnel permettant de dresser la carte mondiale des mod\u00e8les divers d\u2019enseignement qui sont utilis\u00e9s et comment ils int\u00e8grent la philosophie naturopathique, ses principes et ses pratiques&nbsp;;<\/li>\n\n\n\n<li>l\u2019\u00e9tablissement d\u2019un groupe de recherche de la WNF, visant \u00e0 proc\u00e9der \u00e0 une immense collecte sur les recherches naturopathiques disponibles au niveau mondial et la reconnaissance de celles qui sont en cours.<\/li>\n<\/ul>\n\n\n\n<hr class=\"wp-block-separator has-alpha-channel-opacity\"\/>\n\n\n\n<p><a href=\"#_ftnref1\" id=\"_ftn1\">[1]<\/a> &nbsp;&nbsp; <a href=\"http:\/\/icnmnaturopathy.eu\/fr\/\">http:\/\/icnmnaturopathy.eu\/fr\/<\/a><\/p>\n\n\n\n<p><a href=\"#_ftnref2\" id=\"_ftn2\">[2]<\/a> &nbsp;&nbsp; <a href=\"https:\/\/worldnaturopathicfederation.org\/\">https:\/\/worldnaturopathicfederation.org\/<\/a><\/p>\n","protected":false},"excerpt":{"rendered":"<p>Le premier Congr\u00e8s international de naturopathie (ICNM) a eu lieu \u00e0 Paris en juillet 2013. Les congr\u00e8s suivants ont eu lieu quasiment tous les ans, se d\u00e9roulant parfois aussi \u00e0 Barcelone ou \u00e0 Londres. La 8e \u00e9dition aura lieu \u00e0 Barcelone du 5 au 7 juillet 2024 sur le th\u00e8me \u00ab&nbsp;Immunit\u00e9, inflammation et sant\u00e9 mentale&nbsp;\u00bb[1]. &hellip; <\/p>\n<p class=\"link-more\"><a href=\"https:\/\/unb.be\/index.php\/a-propos\/la-dimension-internationale\/\" class=\"more-link\">Continuer la lecture<span class=\"screen-reader-text\"> de &laquo;&nbsp;La dimension internationale&nbsp;&raquo;<\/span><\/a><\/p>\n","protected":false},"author":1,"featured_media":0,"parent":49,"menu_order":0,"comment_status":"closed","ping_status":"closed","template":"","meta":{"footnotes":""},"_links":{"self":[{"href":"https:\/\/unb.be\/index.php\/wp-json\/wp\/v2\/pages\/984"}],"collection":[{"href":"https:\/\/unb.be\/index.php\/wp-json\/wp\/v2\/pages"}],"about":[{"href":"https:\/\/unb.be\/index.php\/wp-json\/wp\/v2\/types\/page"}],"author":[{"embeddable":true,"href":"https:\/\/unb.be\/index.php\/wp-json\/wp\/v2\/users\/1"}],"replies":[{"embeddable":true,"href":"https:\/\/unb.be\/index.php\/wp-json\/wp\/v2\/comments?post=984"}],"version-history":[{"count":1,"href":"https:\/\/unb.be\/index.php\/wp-json\/wp\/v2\/pages\/984\/revisions"}],"predecessor-version":[{"id":985,"href":"https:\/\/unb.be\/index.php\/wp-json\/wp\/v2\/pages\/984\/revisions\/985"}],"up":[{"embeddable":true,"href":"https:\/\/unb.be\/index.php\/wp-json\/wp\/v2\/pages\/49"}],"wp:attachment":[{"href":"https:\/\/unb.be\/index.php\/wp-json\/wp\/v2\/media?parent=984"}],"curies":[{"name":"wp","href":"https:\/\/api.w.org\/{rel}","templated":true}]}}

<p>Le premier Congrès international de naturopathie (ICNM) a eu lieu à Paris en juillet 2013. Les congrès suivants ont eu lieu quasiment tous les ans, se déroulant parfois aussi à Barcelone ou à Londres. La 8<sup>e</sup> édition aura lieu à Barcelone du 5 au 7 juillet 2024 sur le thème «&nbsp;Immunité, inflammation et santé mentale&nbsp;»<a href="#_ftn1" id="_ftnref1">[1]</a>.</p>



<p>C’est à l’issue du congrès de 2015 qu’a été fondée la Fédération internationale de naturopathie, la WNF (<em>World Naturopathic Federation</em>)<a href="#_ftn2" id="_ftnref2">[2]</a>, dont l’UNB a été l’un des membres fondateurs. L’ISNAT, fondée en 2012, fait aussi partie des membres fondateurs en tant qu’établissement éducatif.</p>



<p>Une première enquête mondiale sur la naturopathie rassemblant des informations de 22 pays et représentant toutes les régions du monde a mis en évidence en 2016 une profonde cohérence sur la manière dont la naturopathie est définie et pratiquée dans le monde entier, en même temps qu’une grande diversité au niveau des modèles éducatifs et du statut réglementaire.</p>



<p>Les délégués de la WNF se sont engagés à trois nouvelles initiatives pour clarifier le paysage naturopathique dans le monde :</p>



<ul>
<li>une étude approfondie de l&rsquo;histoire de la naturopathie&nbsp;;&nbsp;</li>



<li>un projet professionnel permettant de dresser la carte mondiale des modèles divers d’enseignement qui sont utilisés et comment ils intègrent la philosophie naturopathique, ses principes et ses pratiques&nbsp;;</li>



<li>l’établissement d’un groupe de recherche de la WNF, visant à procéder à une immense collecte sur les recherches naturopathiques disponibles au niveau mondial et la reconnaissance de celles qui sont en cours.</li>
</ul>



<hr class="wp-block-separator has-alpha-channel-opacity"/>



<p><a href="#_ftnref1" id="_ftn1">[1]</a> &nbsp;&nbsp; <a href="http://icnmnaturopathy.eu/fr/">http://icnmnaturopathy.eu/fr/</a></p>



<p><a href="#_ftnref2" id="_ftn2">[2]</a> &nbsp;&nbsp; <a href="https://worldnaturopathicfederation.org/">https://worldnaturopathicfederation.org/</a></p>

<p>Le premier Congrès international de naturopathie (ICNM) a eu lieu à Paris en juillet 2013. Les congrès suivants ont eu lieu quasiment tous les ans, se déroulant parfois aussi à Barcelone ou à Londres. La 8e édition aura lieu à Barcelone du 5 au 7 juillet 2024 sur le thème «&nbsp;Immunité, inflammation et santé mentale&nbsp;»[1]. &hellip; </p>
<p class="link-more"><a href="https://unb.be/index.php/a-propos/la-dimension-internationale/" class="more-link">Continuer la lecture<span class="screen-reader-text"> de &laquo;&nbsp;La dimension internationale&nbsp;&raquo;</span></a></p>
